s divided by 6546?
19
Calculate the remainder when 211507 is divided by 165.
142
What is the remainder when 74284 is divided by 385?
364
Calculate the remainder when 34443 is divided by 107.
96
What is the remainder when 219502 is divided by 810?
802
What is the remainder when 328 is divided by 17?
5
Calculate the remainder when 203126 is divided by 45.
41
Calculate the remainder when 43170 is divided by 9.
6
What is the remainder when 1392 is divided by 463?
3
Calculate the remainder when 22567 is divided by 56.
55
Calculate the remainder when 3100 is divided by 3062.
38
Calculate the remainder when 46672 is divided by 7776.
16
Calculate the remainder when 1932 is divided by 1880.
52
What is the remainder when 230866 is divided by 75?
16
Calculate the remainder when 222783 is divided by 15912.
15
What is the remainder when 5436 is divided by 155?
11
Calculate the remainder when 11978 is divided by 5956.
66
What is the remainder when 160512 is divided by 196?
184
Calculate the remainder when 102954 is divided by 13.
7
Calculate the remainder when 123155 is divided by 396.
395
What is the remainder when 606469 is divided by 43?
40
What is the remainder when 4851 is divided by 21?
0
Calculate the remainder when 63590 is divided by 30.
20
What is the remainder when 229909 is divided by 393?
4
Calculate the remainder when 1546 is divided by 365.
86
Calculate the remainder when 238754 is divided by 13.
9
Calculate the remainder when 1348351 is divided by 703.
700
Calculate the remainder when 484157 is divided by 127.
33
What is the remainder when 963011 is divided by 327?
323
What is the remainder when 52477 is divided by 256?
253
Calculate the remainder when 2769 is divided by 5.
4
Calculate the remainder when 5663 is divided by 2758.
147
What is the remainder when 12073 is divided by 99?
94
What is the remainder when 107028 is divided by 154?
152
What is the remainder when 107523 is divided by 293?
285
What is the remainder when 322081 is divided by 366?
1
Calculate the remainder when 2830 is divided by 206.
152
Calculate the remainder when 14031 is divided by 825.
6
Calculate the remainder when 199871 is divided by 99934.
3
Calculate the remainder when 239199 is divided by 18.
15
Calculate the remainder when 33882 is divided by 5.
2
Calculate the remainder when 437 is divided by 232.
205
What is the remainder when 81267 is divided by 449?
447
What is the remainder when 2953 is divided by 846?
415
What is the remainder when 2214 is divided by 92?
6
Calculate the remainder when 4806399 is divided by 8.
7
Calculate the remainder when 29328 is divided by 9748.
84
What is the remainder when 35216 is divided by 387?
386
Calculate the remainder when 369 is divided by 294.
75
What is the remainder when 5494 is divided by 1762?
208
Calculate the remainder when 60026 is divided by 243.
5
Calculate the remainder when 126077 is divided by 1466.
1
Calculate the remainder when 2925 is divided by 583.
10
What is the remainder when 17287 is divided by 3425?
162
What is the remainder when 1085 is divided by 643?
442
What is the remainder when 255210 is divided by 160?
10
What is the remainder when 4157 is divided by 27?
26
Calculate the remainder when 1681489 is divided by 41.
38
What is the remainder when 656086 is divided by 812?
802
Calculate the remainder when 3575 is divided by 510.
5
Calculate the remainder when 24161 is divided by 42.
11
Calculate the remainder when 11650 is divided by 2904.
34
What is the remainder when 46905 is divided by 6696?
33
Calculate the remainder when 17876 is divided by 120.
116
What is the remainder when 284912 is divided by 99?
89
Calculate the remainder when 1238 is divided by 565.
108
Calculate the remainder when 5524 is divided by 4030.
1494
Calculate the remainder when 48689 is divided by 61.
11
Calculate the remainder when 1094 is divided by 1052.
42
Calculate the remainder when 14648 is divided by 3660.
8
Calculate the remainder when 3091199 is divided by 1120.
1119
Calculate the remainder when 115295 is divided by 33.
26
Calculate the remainder when 9899 is divided by 3283.
50
What is the remainder when 3287 is divided by 521?
161
What is the remainder when 103852 is divided by 1675?
2
What is the remainder when 91389 is divided by 3?
0
Calculate the remainder when 25750 is divided by 255.
250
What is the remainder when 18349 is divided by 5?
4
Calculate the remainder when 2326356 is divided by 46.
44
What is the remainder when 5272 is divided by 1652?
316
Calculate the remainder when 629161 is divided by 11.
5
What is the remainder when 3484 is divided by 53?
39
What is the remainder when 124468 is divided by 2146?
0
What is the remainder when 152078 is divided by 152031?
47
Calculate the remainder when 23050 is divided by 1920.
10
What is the remainder when 985 is divided by 470?
45
Calculate the remainder when 35594 is divided by 539.
20
What is the remainder when 19513 is divided by 1701?
802
Calculate the remainder when 6842 is divided by 116.
114
Calculate the remainder when 1177 is divided by 491.
195
Calculate the remainder when 19769 is divided by 19.
9
Calculate the remainder when 31822 is divided by 31.
16
Calculate the remainder when 102426 is divided by 6827.
21
Calculate the remainder when 1085 is divided by 352.
29
Calculate the remainder when 19807 is divided by 213.
211
Calculate the remainder when 610692 is divided by 788.
780
What is the remainder when 81687 is divided by 474?
159
What is the remainder when 10565 is divided by 184?
77
Calculate the remainder when 7288 is divided by 85.
63
Calculate the remainder when 516 is divided by 440.
76
Calculate the remainder when 292808 is divided by 4880.
8
Calculate the remainder when 66365 is divided by 16571.
81
Calculate the remainder when 99475 is divided by 28.
19
What is the remainder when 197 is divided by 79?
39
Calculate the remainder when 105752 is divided by 137.
125
Calculate the remainder when 11575 is divided by 373.
12
What is the remainder when 5842 is divided by 1947?
1
What is the remainder when 339811 is divided by 186?
175
What is the remainder when 8992 is divided by 1282?
18
Calculate the remainder when 8016 is divided by 7931.
85
What is the remainder when 18223 is divided by 84?
79
Calculate the remainder when 5464 is divided by 910.
4
What is the remainder when 60807 is divided by 274?
253
Calculate the remainder when 22432 is divided by 830.
22
Calculate the remainder when 1362615 is divided by 90.
15
What is the remainder when 966119 is divided by 24?
23
Calculate the remainder when 20316 is divided by 26.
10
What is the remainder when 2159088 is divided by 33?
30
What is the remainder when 358298 is divided by 57?
53
Calculate the remainder when 3098 is divided by 926.
320
What is the remainder when 9786 is divided by 15?
6
Calculate the remainder when 17730 is divided by 1042.
16
What is the remainder when 241238 is divided by 12695?
33
What is the remainder when 31870 is divided by 40?
30
What is the remainder when 48216 is divided by 246?
0
What is the remainder when 62464 is divided by 20819?
7
Calculate the remainder when 39071 is divided by 725.
646
What is the remainder when 225048 is divided by 14?
12
Calculate the remainder when 1688022 is divided by 8.
6
What is the remainder when 223115 is divided by 74363?
26
What is the remainder when 37540 is divided by 17?
4
What is the remainder when 23803 is divided by 64?
59
What is the remainder when 3138 is divided by 3085?
53
Calculate the remainder when 69905 is divided by 1792.
17
Calculate the remainder when 7550 is divided by 13.
10
Calculate the remainder when 2302 is divided by 10.
2
Calculate the remainder when 70722 is divided by 226.
210
What is the remainder when 101605 is divided by 15?
10
Calculate the remainder when 1548 is divided by 551.
446
What is the remainder when 122456 is divided by 390?
386
What is the remainder when 51145 is divided by 239?
238
Calculate the remainder when 38067 is divided by 184.
163
Calculate the remainder when 2352 is divided by 170.
142
Calculate the remainder when 1317 is divided by 383.
168
Calculate the remainder when 5235 is divided by 1939.
1357
Calculate the remainder when 7337 is divided by 195.
122
What is the remainder